{"id":3463,"date":"2025-09-29T12:41:58","date_gmt":"2025-09-29T12:41:58","guid":{"rendered":"https:\/\/healfirst.com.br\/?page_id=3463"},"modified":"2025-11-06T12:12:07","modified_gmt":"2025-11-06T12:12:07","slug":"tcc-ez","status":"publish","type":"page","link":"https:\/\/healfirst.com.br\/index.php\/tcc-ez\/","title":{"rendered":"TCC-EZ\u00ae"},"content":{"rendered":"\t\t<div data-elementor-type=\"wp-page\" data-elementor-id=\"3463\" class=\"elementor elementor-3463\">\n\t\t\t\t\t\t<section class=\"elementor-section elementor-top-section elementor-element elementor-element-90ff164 ct-section-stretched elementor-section-boxed elementor-section-height-default elementor-section-height-default\" data-id=\"90ff164\" data-element_type=\"section\" data-settings=\"{&quot;background_background&quot;:&quot;classic&quot;}\">\n\t\t\t\t\t\t\t<div class=\"elementor-background-overlay\"><\/div>\n\t\t\t\t\t\t\t<div class=\"elementor-container elementor-column-gap-default\">\n\t\t\t\t\t<div class=\"elementor-column elementor-col-50 elementor-top-column elementor-element elementor-element-b07eee8\" data-id=\"b07eee8\" data-element_type=\"column\">\n\t\t\t<div class=\"elementor-widget-wrap elementor-element-populated\">\n\t\t\t\t\t\t<div class=\"elementor-element elementor-element-156d646 elementor-widget elementor-widget-heading\" data-id=\"156d646\" data-element_type=\"widget\" data-widget_type=\"heading.default\">\n\t\t\t\t<div class=\"elementor-widget-container\">\n\t\t\t\t\t<h2 class=\"elementor-heading-title elementor-size-default\">TCC-EZ\u00ae<\/h2>\t\t\t\t<\/div>\n\t\t\t\t<\/div>\n\t\t\t\t<div class=\"elementor-element elementor-element-e8af329 elementor-widget elementor-widget-text-editor\" data-id=\"e8af329\" data-element_type=\"widget\" data-widget_type=\"text-editor.default\">\n\t\t\t\t<div class=\"elementor-widget-container\">\n\t\t\t\t\t\t\t\t\t<p><strong>A evolu\u00e7\u00e3o do padr\u00e3o-ouro em off-loading, com inova\u00e7\u00e3o e praticidade na pr\u00e1tica cl\u00ednica.<\/strong><\/p>\t\t\t\t\t\t\t\t<\/div>\n\t\t\t\t<\/div>\n\t\t\t\t\t<\/div>\n\t\t<\/div>\n\t\t\t\t<div class=\"elementor-column elementor-col-50 elementor-top-column elementor-element elementor-element-af82a2a elementor-hidden-tablet elementor-hidden-phone\" data-id=\"af82a2a\" data-element_type=\"column\">\n\t\t\t<div class=\"elementor-widget-wrap elementor-element-populated\">\n\t\t\t\t\t\t<div class=\"elementor-element elementor-element-7c62c0c elementor-widget elementor-widget-image\" data-id=\"7c62c0c\" data-element_type=\"widget\" data-widget_type=\"image.default\">\n\t\t\t\t<div class=\"elementor-widget-container\">\n\t\t\t\t\t\t\t\t\t\t\t\t\t\t\t<img decoding=\"async\" width=\"300\" height=\"132\" src=\"https:\/\/healfirst.com.br\/wp-content\/uploads\/2025\/10\/logo-integra-300x132.jpg\" class=\"attachment-medium size-medium wp-image-3625\" alt=\"\" srcset=\"https:\/\/healfirst.com.br\/wp-content\/uploads\/2025\/10\/logo-integra-300x132.jpg 300w, https:\/\/healfirst.com.br\/wp-content\/uploads\/2025\/10\/logo-integra.jpg 500w\" sizes=\"(max-width: 300px) 100vw, 300px\" \/>\t\t\t\t\t\t\t\t\t\t\t\t\t\t\t<\/div>\n\t\t\t\t<\/div>\n\t\t\t\t\t<\/div>\n\t\t<\/div>\n\t\t\t\t\t<\/div>\n\t\t<\/section>\n\t\t\t\t<section class=\"elementor-section elementor-top-section elementor-element elementor-element-999bd6c ct-section-stretched elementor-section-boxed elementor-section-height-default elementor-section-height-default\" data-id=\"999bd6c\" data-element_type=\"section\" data-settings=\"{&quot;background_background&quot;:&quot;classic&quot;}\">\n\t\t\t\t\t\t<div class=\"elementor-container elementor-column-gap-no\">\n\t\t\t\t\t<div class=\"elementor-column elementor-col-50 elementor-top-column elementor-element elementor-element-987c57e\" data-id=\"987c57e\" data-element_type=\"column\">\n\t\t\t<div class=\"elementor-widget-wrap elementor-element-populated\">\n\t\t\t\t\t\t<div class=\"elementor-element elementor-element-390b6a7 elementor-widget elementor-widget-image\" data-id=\"390b6a7\" data-element_type=\"widget\" data-widget_type=\"image.default\">\n\t\t\t\t<div class=\"elementor-widget-container\">\n\t\t\t\t\t\t\t\t\t\t\t\t\t\t\t<img fetchpriority=\"high\" decoding=\"async\" width=\"580\" height=\"580\" src=\"https:\/\/healfirst.com.br\/wp-content\/uploads\/2025\/10\/bota-tcc-02.png\" class=\"attachment-full size-full wp-image-3621\" alt=\"\" srcset=\"https:\/\/healfirst.com.br\/wp-content\/uploads\/2025\/10\/bota-tcc-02.png 580w, https:\/\/healfirst.com.br\/wp-content\/uploads\/2025\/10\/bota-tcc-02-300x300.png 300w, https:\/\/healfirst.com.br\/wp-content\/uploads\/2025\/10\/bota-tcc-02-150x150.png 150w\" sizes=\"(max-width: 580px) 100vw, 580px\" \/>\t\t\t\t\t\t\t\t\t\t\t\t\t\t\t<\/div>\n\t\t\t\t<\/div>\n\t\t\t\t\t<\/div>\n\t\t<\/div>\n\t\t\t\t<div class=\"elementor-column elementor-col-50 elementor-top-column elementor-element elementor-element-b2a5262\" data-id=\"b2a5262\" data-element_type=\"column\">\n\t\t\t<div class=\"elementor-widget-wrap elementor-element-populated\">\n\t\t\t\t\t\t<div class=\"elementor-element elementor-element-c7ed669 elementor-widget elementor-widget-heading\" data-id=\"c7ed669\" data-element_type=\"widget\" data-widget_type=\"heading.default\">\n\t\t\t\t<div class=\"elementor-widget-container\">\n\t\t\t\t\t<h2 class=\"elementor-heading-title elementor-size-default\">TCC-EZ\u00ae<\/h2>\t\t\t\t<\/div>\n\t\t\t\t<\/div>\n\t\t\t\t<div class=\"elementor-element elementor-element-13165f3 elementor-widget elementor-widget-text-editor\" data-id=\"13165f3\" data-element_type=\"widget\" data-widget_type=\"text-editor.default\">\n\t\t\t\t<div class=\"elementor-widget-container\">\n\t\t\t\t\t\t\t\t\t<p><span style=\"font-weight: 400;\">O TCC-EZ\u00ae \u00e9 um dispositivo inovador e especializado em al\u00edvio de press\u00e3o, desenvolvido para oferecer um ambiente protetor de cicatriza\u00e7\u00e3o. Sua tecnologia exclusiva <\/span><b>Healing Chamber\u2122<\/b><span style=\"font-weight: 400;\"> reduz a press\u00e3o ao redistribuir o peso corporal em toda a estrutura do p\u00e9 e da perna, diminuindo pontos de sobrecarga. Al\u00e9m disso, imobiliza a regi\u00e3o, evitando for\u00e7as de cisalhamento \u2014 atrito interno que pode agravar as les\u00f5es \u2014, proporcionando maior seguran\u00e7a e efic\u00e1cia no processo de cicatriza\u00e7\u00e3o. Com design leve, anat\u00f4mico e ventilado, o TCC-EZ\u00ae garante conforto ao paciente, ao mesmo tempo em que simplifica a aplica\u00e7\u00e3o cl\u00ednica, tornando o padr\u00e3o-ouro em off-loading mais pr\u00e1tico e acess\u00edvel.<\/span><\/p>\t\t\t\t\t\t\t\t<\/div>\n\t\t\t\t<\/div>\n\t\t\t\t<div class=\"elementor-element elementor-element-959c639 elementor-widget elementor-widget-n-accordion\" data-id=\"959c639\" data-element_type=\"widget\" data-settings=\"{&quot;default_state&quot;:&quot;expanded&quot;,&quot;max_items_expended&quot;:&quot;one&quot;,&quot;n_accordion_animation_duration&quot;:{&quot;unit&quot;:&quot;ms&quot;,&quot;size&quot;:400,&quot;sizes&quot;:[]}}\" data-widget_type=\"nested-accordion.default\">\n\t\t\t\t<div class=\"elementor-widget-container\">\n\t\t\t\t\t\t\t<div class=\"e-n-accordion\" aria-label=\"Accordion. Open links with Enter or Space, close with Escape, and navigate with Arrow Keys\">\n\t\t\t\t\t\t<details id=\"e-n-accordion-item-1560\" class=\"e-n-accordion-item\" open>\n\t\t\t\t<summary class=\"e-n-accordion-item-title\" data-accordion-index=\"1\" tabindex=\"0\" aria-expanded=\"true\" aria-controls=\"e-n-accordion-item-1560\" >\n\t\t\t\t\t<span class='e-n-accordion-item-title-header'><div class=\"e-n-accordion-item-title-text\"> Diferenciais cl\u00ednicos do TCC-EZ\u00ae <\/div><\/span>\n\t\t\t\t\t\t\t<span class='e-n-accordion-item-title-icon'>\n\t\t\t<span class='e-opened' ><svg aria-hidden=\"true\" class=\"e-font-icon-svg e-fas-minus\" viewBox=\"0 0 448 512\" xmlns=\"http:\/\/www.w3.org\/2000\/svg\"><path d=\"M416 208H32c-17.67 0-32 14.33-32 32v32c0 17.67 14.33 32 32 32h384c17.67 0 32-14.33 32-32v-32c0-17.67-14.33-32-32-32z\"><\/path><\/svg><\/span>\n\t\t\t<span class='e-closed'><svg aria-hidden=\"true\" class=\"e-font-icon-svg e-fas-plus\" viewBox=\"0 0 448 512\" xmlns=\"http:\/\/www.w3.org\/2000\/svg\"><path d=\"M416 208H272V64c0-17.67-14.33-32-32-32h-32c-17.67 0-32 14.33-32 32v144H32c-17.67 0-32 14.33-32 32v32c0 17.67 14.33 32 32 32h144v144c0 17.67 14.33 32 32 32h32c17.67 0 32-14.33 32-32V304h144c17.67 0 32-14.33 32-32v-32c0-17.67-14.33-32-32-32z\"><\/path><\/svg><\/span>\n\t\t<\/span>\n\n\t\t\t\t\t\t<\/summary>\n\t\t\t\t<div role=\"region\" aria-labelledby=\"e-n-accordion-item-1560\" class=\"elementor-element elementor-element-7d922df e-con-full e-flex e-con e-child\" data-id=\"7d922df\" data-element_type=\"container\">\n\t\t\t\t<div class=\"elementor-element elementor-element-d4e7187 elementor-widget elementor-widget-text-editor\" data-id=\"d4e7187\" data-element_type=\"widget\" data-widget_type=\"text-editor.default\">\n\t\t\t\t<div class=\"elementor-widget-container\">\n\t\t\t\t\t\t\t\t\t<p><span style=\"font-weight: 400;\">O TCC-EZ\u00ae se diferencia por transformar o gesso de contato total tradicional em uma solu\u00e7\u00e3o pr\u00e1tica, padronizada e de f\u00e1cil aplica\u00e7\u00e3o. Enquanto o m\u00e9todo convencional exige habilidade e tempo consider\u00e1veis, o sistema pr\u00e9-fabricado do TCC-EZ\u00ae pode ser aplicado em poucos minutos, garantindo consist\u00eancia nos resultados e ampliando a utiliza\u00e7\u00e3o do padr\u00e3o-ouro na pr\u00e1tica cl\u00ednica. Seu design leve e ventilado proporciona mais conforto ao paciente, favorecendo a ades\u00e3o ao tratamento, enquanto a imobiliza\u00e7\u00e3o segura reduz os riscos de falhas no processo de cicatriza\u00e7\u00e3o. Ao simplificar a t\u00e9cnica, o TCC-EZ\u00ae n\u00e3o apenas otimiza o tempo da equipe de sa\u00fade, mas tamb\u00e9m aproxima a inova\u00e7\u00e3o das necessidades reais do cuidado.<\/span><\/p><ul><li style=\"font-weight: 400;\" aria-level=\"1\"><span style=\"font-weight: 400;\">Aplica\u00e7\u00e3o r\u00e1pida e padronizada, em poucos minutos.<\/span><\/li><li style=\"font-weight: 400;\" aria-level=\"1\"><span style=\"font-weight: 400;\">Design leve e ventilado, que favorece o conforto.<\/span><\/li><li style=\"font-weight: 400;\" aria-level=\"1\"><span style=\"font-weight: 400;\">Mais ades\u00e3o e seguran\u00e7a ao tratamento.<\/span><\/li><\/ul>\t\t\t\t\t\t\t\t<\/div>\n\t\t\t\t<\/div>\n\t\t\t\t<\/div>\n\t\t\t\t\t<\/details>\n\t\t\t\t\t\t<details id=\"e-n-accordion-item-1561\" class=\"e-n-accordion-item\" >\n\t\t\t\t<summary class=\"e-n-accordion-item-title\" data-accordion-index=\"2\" tabindex=\"-1\" aria-expanded=\"false\" aria-controls=\"e-n-accordion-item-1561\" >\n\t\t\t\t\t<span class='e-n-accordion-item-title-header'><div class=\"e-n-accordion-item-title-text\"> Indica\u00e7\u00f5es de uso <\/div><\/span>\n\t\t\t\t\t\t\t<span class='e-n-accordion-item-title-icon'>\n\t\t\t<span class='e-opened' ><svg aria-hidden=\"true\" class=\"e-font-icon-svg e-fas-minus\" viewBox=\"0 0 448 512\" xmlns=\"http:\/\/www.w3.org\/2000\/svg\"><path d=\"M416 208H32c-17.67 0-32 14.33-32 32v32c0 17.67 14.33 32 32 32h384c17.67 0 32-14.33 32-32v-32c0-17.67-14.33-32-32-32z\"><\/path><\/svg><\/span>\n\t\t\t<span class='e-closed'><svg aria-hidden=\"true\" class=\"e-font-icon-svg e-fas-plus\" viewBox=\"0 0 448 512\" xmlns=\"http:\/\/www.w3.org\/2000\/svg\"><path d=\"M416 208H272V64c0-17.67-14.33-32-32-32h-32c-17.67 0-32 14.33-32 32v144H32c-17.67 0-32 14.33-32 32v32c0 17.67 14.33 32 32 32h144v144c0 17.67 14.33 32 32 32h32c17.67 0 32-14.33 32-32V304h144c17.67 0 32-14.33 32-32v-32c0-17.67-14.33-32-32-32z\"><\/path><\/svg><\/span>\n\t\t<\/span>\n\n\t\t\t\t\t\t<\/summary>\n\t\t\t\t<div role=\"region\" aria-labelledby=\"e-n-accordion-item-1561\" class=\"elementor-element elementor-element-781595d e-con-full e-flex e-con e-child\" data-id=\"781595d\" data-element_type=\"container\">\n\t\t\t\t<div class=\"elementor-element elementor-element-5852cc2 elementor-widget elementor-widget-text-editor\" data-id=\"5852cc2\" data-element_type=\"widget\" data-widget_type=\"text-editor.default\">\n\t\t\t\t<div class=\"elementor-widget-container\">\n\t\t\t\t\t\t\t\t\t<ul><li style=\"font-weight: 400;\" aria-level=\"1\"><span style=\"font-weight: 400;\">\u00dalceras do p\u00e9 diab\u00e9tico plantares, m\u00e9dio-p\u00e9 e calcanhar.<\/span><\/li><li style=\"font-weight: 400;\" aria-level=\"1\"><span style=\"font-weight: 400;\">Neuroartropatia de Charcot.<\/span><\/li><li style=\"font-weight: 400;\" aria-level=\"1\"><span style=\"font-weight: 400;\">Cuidados p\u00f3s-operat\u00f3rios.<\/span><\/li><\/ul>\t\t\t\t\t\t\t\t<\/div>\n\t\t\t\t<\/div>\n\t\t\t\t<\/div>\n\t\t\t\t\t<\/details>\n\t\t\t\t\t<\/div>\n\t\t\t\t\t\t<\/div>\n\t\t\t\t<\/div>\n\t\t\t\t\t<\/div>\n\t\t<\/div>\n\t\t\t\t\t<\/div>\n\t\t<\/section>\n\t\t\t\t<section class=\"elementor-section elementor-top-section elementor-element elementor-element-295af66 ct-section-stretched elementor-section-boxed elementor-section-height-default elementor-section-height-default\" data-id=\"295af66\" data-element_type=\"section\" data-settings=\"{&quot;background_background&quot;:&quot;classic&quot;}\">\n\t\t\t\t\t\t<div class=\"elementor-container elementor-column-gap-no\">\n\t\t\t\t\t<div class=\"elementor-column elementor-col-50 elementor-top-column elementor-element elementor-element-f7600e1\" data-id=\"f7600e1\" data-element_type=\"column\">\n\t\t\t<div class=\"elementor-widget-wrap elementor-element-populated\">\n\t\t\t\t\t\t<div class=\"elementor-element elementor-element-839fe2b elementor-widget elementor-widget-heading\" data-id=\"839fe2b\" data-element_type=\"widget\" data-widget_type=\"heading.default\">\n\t\t\t\t<div class=\"elementor-widget-container\">\n\t\t\t\t\t<h4 class=\"elementor-heading-title elementor-size-default\">Evid\u00eancias Cient\u00edficas<\/h4>\t\t\t\t<\/div>\n\t\t\t\t<\/div>\n\t\t\t\t<div class=\"elementor-element elementor-element-f2794f0 elementor-widget elementor-widget-heading\" data-id=\"f2794f0\" data-element_type=\"widget\" data-widget_type=\"heading.default\">\n\t\t\t\t<div class=\"elementor-widget-container\">\n\t\t\t\t\t<h5 class=\"elementor-heading-title elementor-size-default\">O TCC-EZ\u00ae \u00e9 respaldado por evid\u00eancias cl\u00ednicas s\u00f3lidas que confirmam sua efic\u00e1cia:\n<\/h5>\t\t\t\t<\/div>\n\t\t\t\t<\/div>\n\t\t\t\t<div class=\"elementor-element elementor-element-02960ee elementor-widget elementor-widget-text-editor\" data-id=\"02960ee\" data-element_type=\"widget\" data-widget_type=\"text-editor.default\">\n\t\t\t\t<div class=\"elementor-widget-container\">\n\t\t\t\t\t\t\t\t\t<ul><li><b>Taxas superiores de cicatriza\u00e7\u00e3o<\/b><span style=\"font-weight: 400;\">: o Total Contact Casting demonstrou at\u00e9 <\/span><b>88% de fechamento de \u00falceras em 43 dias<\/b><span style=\"font-weight: 400;\">.<\/span><\/li><li><b>Redu\u00e7\u00e3o significativa de amputa\u00e7\u00f5es<\/b><span style=\"font-weight: 400;\">: estudos apontam queda de mais de <\/span><b>50% nas taxas de amputa\u00e7\u00e3o<\/b><span style=\"font-weight: 400;\"> em compara\u00e7\u00e3o a pacientes n\u00e3o tratados com TCC.<\/span><\/li><li><b>Reconhecimento internacional<\/b><span style=\"font-weight: 400;\">: considerado o <\/span><b>padr\u00e3o-ouro<\/b><span style=\"font-weight: 400;\"> e o m\u00e9todo preferencial de off-loading pelas principais diretrizes cl\u00ednicas.<\/span><\/li><\/ul>\t\t\t\t\t\t\t\t<\/div>\n\t\t\t\t<\/div>\n\t\t\t\t<div class=\"elementor-element elementor-element-375ad32 elementor-widget elementor-widget-text-editor\" data-id=\"375ad32\" data-element_type=\"widget\" data-widget_type=\"text-editor.default\">\n\t\t\t\t<div class=\"elementor-widget-container\">\n\t\t\t\t\t\t\t\t\t<p><strong>Registro Anvisa: 81770370076<\/strong><\/p>\t\t\t\t\t\t\t\t<\/div>\n\t\t\t\t<\/div>\n\t\t\t\t\t<\/div>\n\t\t<\/div>\n\t\t\t\t<div class=\"elementor-column elementor-col-50 elementor-top-column elementor-element elementor-element-169a9cb\" data-id=\"169a9cb\" data-element_type=\"column\">\n\t\t\t<div class=\"elementor-widget-wrap elementor-element-populated\">\n\t\t\t\t\t\t<div class=\"elementor-element elementor-element-60d6cc8 elementor-widget__width-initial elementor-widget elementor-widget-image\" data-id=\"60d6cc8\" data-element_type=\"widget\" data-widget_type=\"image.default\">\n\t\t\t\t<div class=\"elementor-widget-container\">\n\t\t\t\t\t\t\t\t\t\t\t\t\t\t\t<img decoding=\"async\" width=\"580\" height=\"580\" src=\"https:\/\/healfirst.com.br\/wp-content\/uploads\/2025\/09\/1.jpg\" class=\"attachment-full size-full wp-image-3493\" alt=\"\" srcset=\"https:\/\/healfirst.com.br\/wp-content\/uploads\/2025\/09\/1.jpg 580w, https:\/\/healfirst.com.br\/wp-content\/uploads\/2025\/09\/1-300x300.jpg 300w, https:\/\/healfirst.com.br\/wp-content\/uploads\/2025\/09\/1-150x150.jpg 150w\" sizes=\"(max-width: 580px) 100vw, 580px\" \/>\t\t\t\t\t\t\t\t\t\t\t\t\t\t\t<\/div>\n\t\t\t\t<\/div>\n\t\t\t\t\t<\/div>\n\t\t<\/div>\n\t\t\t\t\t<\/div>\n\t\t<\/section>\n\t\t\t\t<section class=\"elementor-section elementor-top-section elementor-element elementor-element-f6734cf elementor-section-boxed elementor-section-height-default elementor-section-height-default\" data-id=\"f6734cf\" data-element_type=\"section\" data-settings=\"{&quot;background_background&quot;:&quot;classic&quot;}\">\n\t\t\t\t\t\t\t<div class=\"elementor-background-overlay\"><\/div>\n\t\t\t\t\t\t\t<div class=\"elementor-container elementor-column-gap-default\">\n\t\t\t\t\t<div class=\"elementor-column elementor-col-100 elementor-top-column elementor-element elementor-element-d80b03d\" data-id=\"d80b03d\" data-element_type=\"column\">\n\t\t\t<div class=\"elementor-widget-wrap elementor-element-populated\">\n\t\t\t\t\t\t<div class=\"elementor-element elementor-element-2e50400 elementor-widget elementor-widget-heading\" data-id=\"2e50400\" data-element_type=\"widget\" data-widget_type=\"heading.default\">\n\t\t\t\t<div class=\"elementor-widget-container\">\n\t\t\t\t\t<h2 class=\"elementor-heading-title elementor-size-default\">Uma tecnologia capaz de transformar protocolos cl\u00ednicos \n\n<\/h2>\t\t\t\t<\/div>\n\t\t\t\t<\/div>\n\t\t\t\t<div class=\"elementor-element elementor-element-c7e0c26 elementor-widget elementor-widget-text-editor\" data-id=\"c7e0c26\" data-element_type=\"widget\" data-widget_type=\"text-editor.default\">\n\t\t\t\t<div class=\"elementor-widget-container\">\n\t\t\t\t\t\t\t\t\t<p><span style=\"font-weight: 400;\">Quer conhecer todos os detalhes sobre a composi\u00e7\u00e3o, aplica\u00e7\u00e3o e evid\u00eancias cient\u00edficas do TCC-EZ\u00ae? Baixe o material t\u00e9cnico completo e fale com a equipe da Healfirst.<\/span><\/p>\t\t\t\t\t\t\t\t<\/div>\n\t\t\t\t<\/div>\n\t\t\t\t<div class=\"elementor-element elementor-element-833faed elementor-widget elementor-widget-button\" data-id=\"833faed\" data-element_type=\"widget\" data-widget_type=\"button.default\">\n\t\t\t\t<div class=\"elementor-widget-container\">\n\t\t\t\t\t\t\t\t\t<div class=\"elementor-button-wrapper\">\n\t\t\t\t\t<a class=\"elementor-button elementor-button-link elementor-size-lg\" href=\"https:\/\/drive.google.com\/file\/d\/1ODh9XKE-11Gpj2_j4tp0MriDbZuOLxgO\/view?usp=sharing\" target=\"_blank\">\n\t\t\t\t\t\t<span class=\"elementor-button-content-wrapper\">\n\t\t\t\t\t\t\t\t\t<span class=\"elementor-button-text\">Visualizar PDF<\/span>\n\t\t\t\t\t<\/span>\n\t\t\t\t\t<\/a>\n\t\t\t\t<\/div>\n\t\t\t\t\t\t\t\t<\/div>\n\t\t\t\t<\/div>\n\t\t\t\t\t<\/div>\n\t\t<\/div>\n\t\t\t\t\t<\/div>\n\t\t<\/section>\n\t\t\t\t<\/div>\n\t\t","protected":false},"excerpt":{"rendered":"<p>TCC-EZ\u00ae A evolu\u00e7\u00e3o do padr\u00e3o-ouro em off-loading, com inova\u00e7\u00e3o e praticidade na pr\u00e1tica cl\u00ednica. TCC-EZ\u00ae O TCC-EZ\u00ae \u00e9 um dispositivo inovador e especializado em al\u00edvio de press\u00e3o, desenvolvido para oferecer um ambiente protetor de cicatriza\u00e7\u00e3o. Sua tecnologia exclusiva Healing Chamber\u2122 reduz a press\u00e3o ao redistribuir o peso corporal em toda a estrutura do p\u00e9 e [&hellip;]<\/p>\n","protected":false},"author":1,"featured_media":0,"parent":0,"menu_order":0,"comment_status":"closed","ping_status":"closed","template":"","meta":{"_joinchat":[],"footnotes":""},"class_list":["post-3463","page","type-page","status-publish","hentry"],"blocksy_meta":{"has_hero_section":"disabled","vertical_spacing_source":"custom","content_area_spacing":"none","styles_descriptor":{"styles":{"desktop":"","tablet":"","mobile":""},"google_fonts":[],"version":6}},"_links":{"self":[{"href":"https:\/\/healfirst.com.br\/index.php\/wp-json\/wp\/v2\/pages\/3463","targetHints":{"allow":["GET"]}}],"collection":[{"href":"https:\/\/healfirst.com.br\/index.php\/wp-json\/wp\/v2\/pages"}],"about":[{"href":"https:\/\/healfirst.com.br\/index.php\/wp-json\/wp\/v2\/types\/page"}],"author":[{"embeddable":true,"href":"https:\/\/healfirst.com.br\/index.php\/wp-json\/wp\/v2\/users\/1"}],"replies":[{"embeddable":true,"href":"https:\/\/healfirst.com.br\/index.php\/wp-json\/wp\/v2\/comments?post=3463"}],"version-history":[{"count":64,"href":"https:\/\/healfirst.com.br\/index.php\/wp-json\/wp\/v2\/pages\/3463\/revisions"}],"predecessor-version":[{"id":3628,"href":"https:\/\/healfirst.com.br\/index.php\/wp-json\/wp\/v2\/pages\/3463\/revisions\/3628"}],"wp:attachment":[{"href":"https:\/\/healfirst.com.br\/index.php\/wp-json\/wp\/v2\/media?parent=3463"}],"curies":[{"name":"wp","href":"https:\/\/api.w.org\/{rel}","templated":true}]}}